n**2 - 9607*n + 1079. Calculate a(82).
13
Let r(g) = 6*g**3 - 329*g**2 - 61*g + 179. Determine r(55).
-151
Let z(v) = -328*v**2 + 6881*v + 8. Give z(21).
-139
Let c(w) = 85069*w + 1276051. Determine c(-15).
16
Let i(o) = 9*o**3 + 385*o**2 - 65*o - 496. Determine i(-43).
-1399
Let w(y) = -206721*y + 3927704. Calculate w(19).
5
Let i(b) = -b**3 - 10*b**2 - 3110*b - 34321. Determine i(-11).
10
Let w(o) = -2408*o + 3415. Determine w(2).
-1401
Let z(v) = 3*v**2 + 6114*v - 30551. Determine z(5).
94
Let p(h) = h**2 + 896*h + 140192. Calculate p(-202).
4
Let g(t) = -8*t**2 + 4079*t - 27159. Give g(503).
506
Let w(r) = -18*r**2 - 9446*r + 78883. What is w(-533)?
-1
Let p(s) = 25*s**3 + 7*s**2 - 613*s + 1216. Give p(2).
218
Let i(z) = -z**3 + 327*z**2 - 5853*z + 310. Give i(308).
2
Let c(g) = 7464*g - 68616. Determine c(9).
-1440
Let s(w) = -117*w + 40935. Determine s(351).
-132
Let n(q) = -550*q + 74872. Determine n(136).
72
Let y(v) = -712*v - 2729. Give y(-5).
831
Let o(d) = 15144*d + 5618425. Give o(-371).
1
Let y(d) = -3*d**3 - 685*d**2 - 6546*d + 47. Calculate y(-10).
7
Let c(r) = -r**2 + 1185937*r + 9487575. Calculate c(-8).
15
Let n(u) = -8*u**2 - 3114*u - 3880. What is n(-388)?
0
Let a(y) = y**3 + 143*y**2 - 1616*y + 3224. Determine a(8).
-40
Let j(k) = k**3 - 187*k**2 + 2738*k - 382. Determine j(171).
-40
Let c(l) = -46*l**2 - 1027*l + 2069. Determine c(2).
-169
Let u(f) = -21*f**2 - 206*f + 914. Give u(-13).
43
Let q(g) = g**2 + 690*g - 71067. Determine q(91).
4
Let g(o) = 6*o**3 - 253*o**2 - 115*o + 6603. Calculate g(42).
9
Let u(s) = s**2 - 316*s - 57408. Calculate u(445).
-3
Let i(a) = -21804*a + 348924. Give i(16).
60
Let v(n) = 23*n**2 - 227*n + 224. Give v(1).
20
Let a(y) = 60*y - 8890. Give a(148).
-10
Let d(k) = -k**3 + 41*k**2 - 8*k - 2276. What is d(39)?
454
Let q(i) = -i**2 + 127*i + 1586. Give q(-11).
68
Let f(z) = -z**3 - 28*z**2 - 1418*z - 41937. What is f(-29)?
26
Let y(o) = 224*o + 3319. Calculate y(-14).
183
Let j(k) = -713*k**2 + 4284*k - 9. Give j(6).
27
Let s(v) = -38697*v + 116197. Determine s(3).
106
Let c(x) = -2*x**2 - 36*x + 5837. What is c(-65)?
-273
Let w(p) = 5*p**2 - 134*p + 602. Give w(21).
-7
Let d(a) = -a**2 + 95*a + 462194. Calculate d(729).
8
Let l(x) = -54*x**3 + 26*x**2 - 58*x - 29. Give l(3).
-1427
Let n(g) = 51722*g + 1189611. Calculate n(-23).
5
Let t(j) = j**3 - 16*j**2 + 323*j - 4597. Give t(16).
571
Let h(q) = -22*q**3 - 461*q**2 + 40*q + 400. Determine h(-21).
1
Let o(z) = -4165*z + 2469849. Determine o(593).
4
Let i(o) = 2*o**2 + 6*o - 64. Calculate i(0).
-64
Let p(b) = -20*b**3 - 419*b**2 + 13*b - 230. Determine p(-21).
-62
Let q(u) = 169*u + 6799. What is q(-38)?
377
Let b(v) = v**2 + 52686*v + 368765. Determine b(-7).
12
Let t(j) = 4841*j + 125799. Determine t(-26).
-67
Let t(i) = -518*i + 38789. What is t(82)?
-3687
Let j(u) = 3292*u + 855980. Determine j(-260).
60
Let d(l) = l**3 + 473*l**2 - 27308*l - 4180. Give d(-525).
20
Let i(v) = -v**3 - 12*v**2 - 13100*v - 130738. Give i(-10).
62
Let r(h) = -6*h**2 + 50*h + 4476. Give r(-35).
-4624
Let q(f) = -f**3 + f**2 - 50*f + 1769. Determine q(11).
9
Let v(d) = -89*d + 126. Calculate v(-8).
838
Let c(s) = s**3 + 126*s**2 - 552*s - 4169. Calculate c(-130).
-9
Let j(t) = -2*t**2 + 153*t - 2894. Determine j(32).
-46
Let i(r) = 384*r**3 - 23*r**2 + 23*r - 48. Calculate i(2).
2978
Let f(z) = 7581*z + 136446. What is f(-18)?
-12
Let v(j) = -131*j + 27116. Give v(207).
-1
Let r(p) = 211*p**2 + 2*p - 1060. Determine r(0).
-1060
Let y(i) = -6265*i - 2318036. Calculate y(-370).
14
Let t(u) = 314*u**3 + 219*u**2 - 447*u + 26. Determine t(2).
2520
Let j(l) = -1079*l + 29012. Calculate j(27).
-121
Let z(c) = 415*c + 53119. Give z(-128).
-1
Let c(f) = f**3 + 98*f**2 + 253*f + 5852. Calculate c(-96).
-4
Let v(j) = 2*j**3 + 68*j**2 - 1346*j - 15. What is v(14)?
-43
Let w(n) = -2*n**3 + 2974*n**2 + 3056*n - 119024. Give w(1488).
16
Let f(k) = -k**2 + 92*k - 1802. Calculate f(66).
-86
Let u(k) = 33*k**3 + 195*k**2 - 80*k - 273. Determine u(-6).
99
Let h(y) = -70*y**3 - 450*y**2 - 37*y - 1. Determine h(-7).
2218
Let z(t) = -t**2 + 7657*t + 728591. Give z(-94).
-3
Let n(c) = -c**3 + 25*c**2 - 28*c + 149. Give n(21).
1325
Let g(w) = -w**3 + 21*w**2 - 317*w + 3524. What is g(15)?
119
Let o(h) = -34*h**3 + 38*h**2 - 73*h + 5. Determine o(2).
-261
Let m(s) = -4*s**2 - 10177*s + 10175. Calculate m(1).
-6
Let u(v) = -598*v - 20345. Give u(-34).
-13
Let a(o) = 3*o**3 + o**2 - 253*o - 24. Give a(-10).
-394
Let c(a) = -55*a**2 - 47*a - 131. Give c(-3).
-485
Let g(w) = 4419*w + 371200. Determine g(-84).
4
Let y(s) = -s**2 + 188*s - 3321. What is y(20)?
39
Let k(h) = -22*h**3 + 62*h**2 + 23*h - 80. Calculate k(3).
-47
Let g(q) = -16*q**3 + 7*q**2 - 3*q - 12. Calculate g(5).
-1852
Let v(t) = t**3 - 84*t**2 - 714*t + 65879. Calculate v(83).
-272
Let j(v) = 7*v**3 + 12*v**2 - 10*v - 31. What is j(-7)?
-1774
Let l(h) = -64*h**2 + 87. Determine l(0).
87
Let w(i) = -4*i**2 - 1921*i + 15101. Calculate w(8).
-523
Let f(p) = -18*p**2 - 86*p - 65. Give f(-4).
-9
Let x(f) = -87924*f - 791408. Give x(-9).
-92
Let k(o) = o**3 - 36*o**2 + 52*o + 300. Determine k(34).
-244
Let q(z) = -29*z**2 + 6587*z - 1077. Calculate q(227).
-169
Let q(g) = 558*g + 82462. Calculate q(-150).
-1238
Let c(q) = 3092717*q - 18556295. Calculate c(6).
7
Let s(c) = -178389*c + 713588. What is s(4)?
32
Let g(p) = -2*p**2 + 271*p - 2814. What is g(11)?
-75
Let i(w) = 256*w**2 + 1731*w - 418. Give i(-7).
9
Let f(d) = -859*d**2 + 797150*d + 1866. Calculate f(928).
10
Let v(s) = -29*s**2 + 686*s - 45. Determine v(24).
-285
Let l(v) = -2791*v - 474459. Give l(-170).
11
Let a(z) = -270*z**2 - 889*z - 2640. What is a(-3)?
-2403
Let t(x) = 3*x**3 + 11*x**2 - 3908*x + 226. Give t(-38).
-2
Let q(u) = u**3 + 34*u**2 - 58*u + 664. What is q(-36)?
160
Let w(d) = -19*d**2 + 190*d + 192. Determine w(14).
-872
Let a(j) = j**2 + 2496*j + 52038. Determine a(-21).
63
Let o(t) = -4*t**3 - 484*t**2 - 3195*t - 324. What is o(-114)?
18
Let x(v) = -91506*v + 365960. Give x(4).
-64
Let m(n) = 2*n**2 - 100710*n + 805599. Give m(8).
47
Let q(w) = -161*w**2 + 5171*w. Calculate q(32).
608
Let m(x) = -13*x**2 + 165*x - 469. What is m(7)?
49
Let b(c) = -2*c**3 - 10*c**2 - 21*c - 64. Determine b(-5).
41
Let f(g) = -2*g**2 - 451*g - 24636. Determine f(-133).
-31
Let b(x) = -x**3 - x**2 - 2783*x + 8377. Give b(3).
-8
Let n(a) = 268*a**3 + 19*a**2 - 786*a + 767. Give n(1).
268
Let t(f) = -2*f**2 + 177*f + 1395. What is t(102)?
-1359
Let x(c) = -2*c**3 - 261*c**2 + 406*c + 18. What is x(-132)?
-1302
Let g(u) = 38*u**2 - 83*u - 52. Calculate g(6).
818
Let p(m) = m**3 + 28*m**2 - 6*m - 948. Calculate p(-23).
1835
Let g(k) = 1177*k**2 + 14129*k - 17. Determine g(-12).
-77
Let q(h) = -h**3 - 150*h**2 + 664*h + 7343. What is q(-154)?
-49
Let t(l) = 566*l + 151797. What is t(-264)?
2373
Let p(y) = -y**3 - 310*y**2 - 2418*y - 649. Give p(-302).
-45
Let c(r) = -768*r - 139958. What is c(-179)?
-2486
Let q(a) = -94*a**2 - 636*a + 13. Determine q(-9).
-1877
Let q(r) = -97*r**2 + 122*r + 274. Determine q(-2).
-358
Let s(k) = -2*k**2 + 5899*k - 111360. Calculate s(19).
-1
Let c(j) = -14*j**2 + 2930*j - 893. What is c(209)?
-57
Let o(q) = 780*q - 102475. What is o(132)?
485
Let v(b) = 389*b + 724. Calculate v(-4).
-832
Let f(z) = -z**2 + 245*z + 196140. Calculate f(-337).
6
Let u(d) = 1317*d - 1376. Give u(1).
-59
Let t(i) = 2*i**2 - 134*i + 1671. What is t(17)?
-29
Let l(t) = t**3 - 40*t**2 - 428*t - 97. Determine l(49).
540
Let d(k) = -5*k**2 - 54*k + 2639. Calculate d(-29).
0
Let d(h) = -2*h**3 - 256*h**2 - 18*h - 2300. Calculate d(-128).
4
Let i(z) = -z**3 + 61*z**2 - 2017*z + 135001. What is i(63)?
-8
Let i(v) = -157*v**2 + 4637*v - 2430. What is i(29)?
6
Let q(m) = -m**3 + 71*m**2 + 994*m + 179. Determine q(83).
13
Let g(h) = 10*h**3 - 58*h**2 + 29890*h - 179416. Calculate g(6).
-4
Let a(m) = -35*m**3 + 5*m**2 - 15*m + 21. Give a(3).
-924
Let c(j) = j**3 - 44*j**2 + 155*j + 15. Give c(40).
-185
Let v(j) = 1025*j**2 + 6360*j + 8. Determine v(-6).
-1252
Let s(g) = 4*g**2 + 52*g - 290. Determine s(-20).
270
Let s(n) = 58*n**2 + 1620*n - 46. Give s(-28).
66
Let p(v) = -8*v**2 - 1794*v + 26715. Determine p(14).
31
Let j(u) = -u**3 - 25*u**2 - 308*u - 1038. Cal